(-10)/20)/((-2)/(-596)). Let i = 280 + h. Is i composite?
False
Let b = 624 - 145. Is b a prime number?
True
Let j be (-4 + 0)/(4/(-6)). Suppose 0*q - j = q. Is ((-186)/18)/(2/q) composite?
False
Let f be ((-237)/6)/(2/(-28)). Suppose c - 2*c + f = -3*m, 4*c = -3*m + 2272. Is c a composite number?
True
Let f(k) = 3*k**2 - 3*k + 7. Is f(9) a prime number?
True
Let o = -533 + 1544. Is o composite?
True
Suppose 5*z + 3*n = 23, -3*z + 4 + 4 = -4*n. Suppose 9 + 5 = z*c + 2*h, 0 = 3*c + 5*h - 14. Is c a prime number?
True
Suppose -5*a = a - 492. Is a a composite number?
True
Let z = 9 - 13. Is (-11 - z)*(-4 + 2) a composite number?
True
Let z(a) = -a**2 + 10*a - 10. Let g be z(9). Let n be ((-4)/(-3))/((-4)/(-66)). Is (-3)/2*g*n a composite number?
True
Let t(h) = h**3 - 10*h**2 - 2*h + 2. Is t(15) a composite number?
False
Let d(v) = 115*v**2 + v + 3. Is d(4) prime?
True
Let s = -633 + 1244. Is s prime?
False
Let c be (-2)/3 - (-113)/3. Let i = 52 - c. Is i - 0/(-2 + 1) a prime number?
False
Let b(t) = t**2 + t + 3. Let s = -3 - 57. Let x be s/14 - 2/(-7). Is b(x) a prime number?
False
Let j(i) = -i + 11. Let d be j(8). Let t(f) = -f**3 - 7*f**2 - 1. Let z be t(-7). Let l = z + d. Is l composite?
False
Let c be (-1 + -2)*(-6)/9. Suppose -j - c = -23. Suppose 5*b = b + 2*f + 86, b - f = j. Is b composite?
True
Suppose z - 115 = -0*z. Is z a composite number?
True
Let x(z) = 25*z - 2. Let g be x(5). Suppose a - g = -3*m, 3*a - 175 = -4*m + 204. Is a a prime number?
False
Let u = 24 - 12. Suppose -4*a - u = 0, -a - 257 + 66 = -2*g. Is g a composite number?
True
Suppose 3*f - 2*f = 1. Let w be -1 - (0 - f) - 3. Is (-142)/w + 1/(-3) a composite number?
False
Suppose 12*s - 15*s = -12. Suppose -15 = -5*b, -26 = -2*m - 0*b - s*b. Is m prime?
True
Let k(y) = y**3 + 2*y - 1. Let b be k(1). Suppose b*q - 3 = -5. Is 3 + (-1 - q) + 4 a prime number?
True
Suppose -31 = -2*t + t + 4*m, 5*t = -2*m + 111. Is t composite?
False
Let m = 21 + -3. Suppose -m = -x - x. Let v = x + -2. Is v prime?
True
Let l(w) = w + 1. Let y be l(2). Suppose -5*b + 3*c + 0 + 2 = 0, y*c - 7 = -4*b. Suppose -4*q - 9 = o, 0 = 3*o + 4*q - 4 - b. Is o prime?
True
Let x(s) = s**3 - 7*s**2 + 6*s + 4. Let o be x(7). Suppose 3*q - 2*q = -2*a + 10, 4*q + 5*a - o = 0. Is q a prime number?
False
Let i = 2132 + -265. Is i a composite number?
False
Let s be (-2)/(-6) + 56/12. Let r = -1 + s. Suppose -18 = -3*n - 4*f + 28, -4*n - r*f + 68 = 0. Is n prime?
False
Suppose -4*q + 892 = -0*q. Is q prime?
True
Is (-28 + -226)/(-1 - 1) prime?
True
Suppose 18*n - 17458 = 4*n. Is n a composite number?
True
Let v = -208 - -507. Is 4/(-18) - v/(-9) composite?
True
Let b(o) = -o**3 + 106. Let k be b(0). Suppose -4*r + 3*g + 79 = -84, 0 = -3*r - g + k. Is r a prime number?
True
Let l(q) = 1 + 0*q + 13*q**2 + q + 5*q**2 + q**2. Is l(2) a composite number?
False
Let a be (-6)/(-6 - -3) + -6. Let o(y) = 17*y**2 + 5*y - 1. Is o(a) a prime number?
True
Let l(v) = 0*v + v - 5 + 2*v. Let c be l(-5). Let w = c + 67. Is w a composite number?
False
Suppose w = -4*w + 215. Let t = w - 21. Is t a prime number?
False
Let y(b) = -1. Let c(a) = a**2 - 3*a + 8. Let q(d) = c(d) - 3*y(d). Is q(8) prime?
False
Let y(j) = j**3 + 10*j**2 + 6*j - 1. Is y(-8) prime?
True
Suppose 2*w - 749 = g - 4*g, g = -2*w + 247. Is g composite?
False
Is (-18)/12*(-652)/6 a composite number?
False
Let f be (-2)/6 + (-52)/(-12). Suppose -4*y = 8, f*z - 4*y = -2*y + 80. Is z composite?
False
Let o(u) = u**3 + u**2. Let p(j) = 4*j**3 + 2*j**2 + 2*j + 2. Let f(c) = 6*o(c) - p(c). Is f(2) composite?
True
Suppose -9 = -5*m - 44. Let v(t) = -6*t - 3*t + 6 + 4*t - 4. Is v(m) prime?
True
Let y = 23 - 20. Is y + -1 - (1 + -42) prime?
True
Let o = -1778 + 4502. Suppose -13*v + 9*v = -o. Is v a composite number?
True
Let z(s) = s**2 + 7*s + 6. Let d be z(-6). Suppose -2*y = -d*o + 3*o - 20, 4*y = -o + 20. Is y a composite number?
True
Suppose -3*z + 6225 = 2*z. Suppose -5*n - 4*o = -z, 2*o + 1245 = 3*n + 2*n. Is n composite?
True
Suppose 1374 = 3*k - 546. Suppose 3*p = k + 491. Is p prime?
False
Let o(v) = v**2 + 7*v + 8. Let w be o(-6). Let i(b) = 4*b**2 - b**3 - b + 4 + w*b**2 + 4*b. Is i(6) a prime number?
False
Suppose 8*l - 5*l - 66 = 0. Suppose q - 4*i + 6 = -4, 4*i - l = -5*q. Let s(w) = 27*w**3 - 2*w**2 + 1. Is s(q) a composite number?
True
Is (8 - 5 - (-685 + -1))/1 a composite number?
True
Suppose 3*k + 8 = 3*q - 4, 5*q - 4 = k. Let a = 10 - 6. Suppose -x = -q - a. Is x prime?
False
Let y(v) = -9*v + 1 - 5*v + 0. Suppose -m - 2*f = -9, 4 - 14 = -2*f. Is y(m) a composite number?
True
Suppose -c - 2*s = -16, -44 + 13 = -c - 5*s. Suppose -p = 3*k - 2752, -5*k + p - c*p = -4570. Is k prime?
True
Let m = -4 - -7. Suppose 1103 = m*o + 209. Suppose d + d = o. Is d a composite number?
False
Is (-2 + -1)/(3*(-2)/116) composite?
True
Suppose 34 = s - 4*w + 2*w, -w = 5*s - 148. Let t = 19 + s. Is t prime?
False
Let o = -79 + 104. Is o a prime number?
False
Let o = 13 - 8. Suppose 0*p + o*p = 5. Suppose 22 = v + p. Is v a prime number?
False
Let j = -5 - -4. Is 33/12 - j/4 a composite number?
False
Let n(k) = -7*k - k**3 - 7*k**2 - 5 - 2*k**3 + 2*k**3. Let j be n(-6). Let y = 23 - j. Is y a composite number?
True
Suppose -5*v - 9 = -29. Suppose v = -4*f - 4*i, 0 = -3*f - i - i - 1. Suppose f = 2*k - 3. Is k a composite number?
False
Let l(x) be the second derivative of x**5/20 + 2*x**4/3 - 3*x**3/2 + x**2 + 2*x. Let q = -21 + 12. Is l(q) a composite number?
False
Let a = 1129 - 623. Is (-4)/(-8) + a/4 prime?
True
Let i be (-2)/(-4) + 837/18. Let j = i + -10. Is j a composite number?
False
Is 0 + 165 - (8 + -10) prime?
True
Suppose 19*m - 5352 = 7*m. Is m prime?
False
Let l(q) = 19*q**2 - 24*q - 16. Is l(-9) prime?
False
Let b(h) = -5*h - 7 + 4*h**2 + 0*h**2 + 2*h - 2*h**2. Is b(-5) prime?
False
Let i be 4/16 + 33/12. Let f = 130 + i. Is f a prime number?
False
Is 3*(-2)/(-3) + 4191/3 prime?
True
Let s be ((-1105)/(-10))/((-2)/(-4)). Suppose 3*v - 189 = -3*q, -2*q - s = -5*v + 66. Is v prime?
True
Is (-23*53)/(-5 + (-4 - -8)) prime?
False
Let n be (12 + 0)*(-4)/(-12). Suppose 0 = n*g - m - 0*m - 41, 4*m = 12. Let l = 48 - g. Is l composite?
False
Suppose -4*x - 506 = -2*r, -7*r = -3*r - 4*x - 1008. Is r a prime number?
True
Suppose 0 = -2*p - p - 447. Let d = -72 - p. Is d a composite number?
True
Let v = -53 - -92. Suppose -b + 174 = -v. Is b a composite number?
True
Let s(y) = 11*y**2 + 5*y + 4. Suppose 2 = -t - 1. Let a be s(t). Let j = a - 51. Is j prime?
True
Suppose 0 = 4*s + s - 240. Let d = -26 - 3. Let m = d + s. Is m a composite number?
False
Let h(y) = -3*y**3 - 4*y**2 + 4*y + 3. Let v be h(-4). Suppose 4*k = -2*p + 94, 138 + v = 5*p + 4*k. Is p prime?
True
Suppose 8*h = 7*h + 68. Suppose 0*g + 3*g - 36 = 2*n, -2*g = -5*n - h. Let s = n + 27. Is s prime?
False
Let t(i) = 74*i - 45. Is t(10) prime?
False
Let o(x) = -109*x + 10. Let l(c) = c + 1. Let h(z) = -l(z) + o(z). Is h(-8) a prime number?
False
Let p = 13 + -1. Let y be (p/8)/((-3)/(-10)). Suppose 6*i + 45 = 3*r + 3*i, -y*r = -3*i - 71. Is r prime?
True
Let n(y) = 8*y**2 + 5*y + 2. Is n(-3) prime?
True
Suppose 0 = d + d - 264. Suppose 0 = -6*l + 3*l - d. Let g = 79 + l. Is g composite?
True
Let w(u) = 5*u**2 + 1. Let p be w(-1). Suppose 0*b + 402 = p*b. Is b a composite number?
False
Suppose -2*a - 846 = -8*a. Is a prime?
False
Suppose -n = 4*f - 1002, 0 = -3*f + 5*f - n - 504. Is f a composite number?
False
Let i(q) = q**3 + 10*q**2 + 7*q - 7. Is i(-7) composite?
True
Let m = 9339 + -5502. Is m a prime number?
False
Suppose 0 = 3*s - 5*r - 162, 5*s + 4*r = -0*s + 233. Is s prime?
False
Let t(s) = 2*s**2 - 2*s - 1. Let f be t(2). Let j be (f - 242/4)*-2. Suppose -51 - j = -2*b. Is b a prime number?
True
Suppose 0 = -5*r - 25, -5*n + 25 = -4*r - 15. Let h(o) = -o**3 + 5*o**2 + 3*o - 5. Is h(n) composite?
False
Suppose 457 + 737 = 2*l. Suppose -l - 68 = -5*w. Is w a prime number?
False
Let r = -687 - -1158. Let c = 334 - r. Let t = c + 268. Is t a composite number?
False
Let l(z) = 3*z**2 + z + 11. Is l(8) a prime number?
True
Let q = -11 - -1. Is 9/6 + (-2615)/q composite?
False
Let d = -529 - -1416. Is d composite?
False
Let w be 388/20 + 4/(-10). Let u = w - -204. Is u prime?
True
Let p(m) = -